. What is the highest common divisor of i and 64?
16
Let s be (3 - 0 - (-8832)/(-768))*(0 - 12). Let r(d) = 13*d**2 + 2*d + 3. Let a be r(-2). What is the highest common divisor of a and s?
51
Let w be 2/9 + 3827/(-9) + -3. Let j = 498 + w. What is the highest common factor of 245 and j?
35
Let h = -4313 - -4484. What is the highest common factor of 99 and h?
9
Suppose 0 = -v - 3*j + 168, -23*v + 853 = -18*v + 2*j. What is the greatest common factor of 1425 and v?
57
Suppose -4*p + 2626 = 3*k, -2*p - 3522 = -4*k + 3*p. Suppose k + 904 = 18*c. Calculate the greatest common factor of 33 and c.
33
Let a be (2 + 6)/4*(-2)/(-4). Suppose -d = -1, 5*d + 3 = 5*j - 7. Suppose 3*r + a = 2*o, -17 = -o - j*o + r. Calculate the greatest common divisor of o and 1.
1
Suppose 16 = -4*a + 64. Let p be (-165)/a + (-8)/32. Let g be 4/p + 405/21. What is the greatest common divisor of 57 and g?
19
Suppose -5*c + 19460 = 2*k, -15*c = -12*c + 2*k - 11672. Calculate the greatest common factor of c and 22.
22
Let l be -5*((-208)/(-100) - 4)*10. Let s = 165 - 159. Calculate the greatest common factor of l and s.
6
Let l(i) = 19*i - 117. Let n be l(7). Suppose m - 671 = 4*o - 7*o, 0 = -4*m - n. Calculate the highest common factor of 18 and o.
9
Let p be (-2)/((-12)/19391) + 1*(-10)/(-60). Calculate the highest common factor of 32 and p.
32
Suppose 2*u = -457 + 901. What is the highest common factor of u and 1961?
37
Suppose -993 + 4249 = 37*g. Calculate the greatest common divisor of 23848 and g.
88
Let g be (-5)/115*2 - 6222/(-138). Let j(f) = 4*f - 5. Let l(q) = 2*q + 1. Let b be l(2). Let t be j(b). Calculate the greatest common divisor of g and t.
15
Let a be -13 + (42 - 25) - (-1 + -623). What is the greatest common divisor of 9891 and a?
157
Let w be (-38)/(-10) - 8/10. Suppose w*d = 6*d - 33. Let c(u) = u**2 - 8*u + 5. Let k be c(d). Calculate the highest common factor of k and 95.
19
Let a = 43 - -8. Let z = a - 49. Suppose 6*f - p = f + 138, z*f = 4*p + 48. Calculate the highest common factor of f and 7.
7
Let n be (5/(-3))/(-5) - (-88315)/15. Suppose -22*r + n = -6*r. What is the highest common divisor of r and 46?
46
Suppose -4*y - 5*d + 72 = 0, 4*y + 12*d = 10*d + 60. What is the highest common divisor of 5993 and y?
13
Let u(n) = 41*n + 114. Let j(l) = 20*l + 58. Let t(h) = 5*j(h) - 2*u(h). Let f be t(10). What is the highest common factor of f and 22?
22
Let z = -145 + 147. What is the greatest common divisor of z and 64?
2
Let n(o) = 2*o**2 - 5*o + 4. Let a be n(3). Suppose 0*h + 98 = 5*l - 4*h, -105 = l + 17*h. Calculate the greatest common factor of l and a.
7
Suppose -4*b = -8*b + 5*v + 41449, v = -1. Calculate the highest common factor of b and 13.
13
Let q(v) = 2*v**2 - 155*v - 544. Let y be q(81). Calculate the greatest common factor of 5244 and y.
23
Suppose 2*w - 27 = 3*w. Let p = w + 30. Suppose -p*v = 99 - 330. What is the highest common factor of 11 and v?
11
Suppose -22*a - 9*a = -158122 + 30898. What is the highest common factor of 4 and a?
4
Let h = -2702 - -2780. What is the highest common factor of 1677 and h?
39
Let i = 4 - -2. Suppose 821 = 3*n - 19. Let j = n + -265. What is the highest common factor of i and j?
3
Let j = -521 - -500. Let c be 56*(-10)/j*6. Calculate the greatest common divisor of c and 32.
32
Let f = -10746 + 10928. Suppose 104 = -0*a + 2*a. Calculate the greatest common factor of f and a.
26
Let j(a) = -22*a + 982. Let m be j(34). Calculate the greatest common divisor of 2 and m.
2
Suppose -17*n + 309 = -150. Calculate the highest common factor of n and 150.
3
Suppose -c + 22 = -4*s, 5*c - 72*s + 67*s = 35. Suppose 3*i - t = 6*i - 139, -c*t - 51 = -i. What is the greatest common divisor of 141 and i?
47
Let a = 46304 + -46272. What is the greatest common factor of a and 46144?
32
Let l be 6/(-4)*84/(-63). Let p be (2/12*2)/(l/96). Suppose 7*z + 2 = 8*z. Calculate the greatest common factor of z and p.
2
Let g be 5 + 5 + (-3 - 13). Let n be (-2)/(-1)*(6 - 51/g). What is the highest common factor of n and 29?
29
Let m(n) = -n**3 - 3*n**2 + 6*n - 114. Let p be m(-12). Suppose 3*l = -12*l + p. Calculate the greatest common factor of l and 518.
74
Let c(z) = -2*z**3 - 2*z**2 - 3*z + 28. Suppose q + 2 = -v, -10 = -4*q + 10. Let k be c(v). What is the highest common divisor of k and 49?
49
Let b = -6 + 9. Suppose -35*a + 445 = 5*t, -3*a + 9 = 14*t - 16*t. What is the highest common divisor of a and b?
1
Suppose 2*n - 178 = -4*d, -2*d + 5*n = -850 + 707. Calculate the greatest common factor of 2485 and d.
7
Suppose -15*t = -12*t + 5*j - 82, -2*j + 72 = 4*t. Calculate the greatest common divisor of 26404 and t.
14
Let y = 33 - 5. Let s = 1327 + -1223. Let v = s - y. Calculate the greatest common factor of v and 19.
19
Let v(r) = r**2 + 8*r - 13. Let b(t) = -2*t**2 - 18*t + 26. Let c(l) = -2*b(l) - 5*v(l). Let q be c(-6). What is the greatest common factor of q and 2?
1
Let a = -12 - -18. Suppose 0 = -2*p - g - 0*g + 36, a = 3*g. Let s be (-5 + 14 + -10)*-153. What is the highest common divisor of s and p?
17
Suppose 0 = 22*k + 6*k - 56. Suppose b - 1776 = -k*b. What is the highest common factor of b and 16?
16
Let j = -376 - -435. Suppose 2*k + 79 = 5*q + j, -20 = -5*q - 5*k. Let a = 2 + 2. What is the highest common factor of a and q?
4
Suppose -3*g + 9 = b - 4, -3*b + 43 = 5*g. Calculate the greatest common factor of b and 72.
8
Let s be -1*2 + 450/5. Suppose -3*v - 5*v = -s. Suppose -7*q + v*q - 48 = 0. What is the highest common divisor of q and 12?
12
Let a(f) = -24*f**3 + 11*f**2 + 11*f. Let v(k) = -k**2 - 25*k - 67. Let m be v(-22). Let p be a(m). What is the highest common factor of 132 and p?
12
Suppose -18*i + 19*i - 46 = -2*l, -5*l - 3*i = -116. Calculate the greatest common divisor of l and 306.
2
Let y = 12 + -9. Let n(f) = -f**3 - f + 3. Let o be n(y). Let r = 45 + o. What is the highest common divisor of 45 and r?
9
Suppose 0 = 2*v - 0*v - 4. Let l(m) = -10*m - 91. Let p be l(-11). Let d be (2/(-4))/(p/(-76)). Calculate the greatest common divisor of v and d.
2
Suppose 0 = -26*f + 413 - 75. Suppose -20 = -13*g + 8*g. Suppose n + 2 - g = 0, -73 = -5*j - 4*n. What is the greatest common divisor of f and j?
13
Let z(i) = -3*i - 4. Let f be z(-8). Suppose 0 = f*k - 17*k - 96. Let p = k - 22. Calculate the greatest common divisor of 70 and p.
10
Let o be 168 - (-1)/((-3)/(-6)). Suppose 4*t - 5*q = -152 - 107, -2*q + 196 = -3*t. Let l be 8/6*(-1683)/t. What is the highest common factor of l and o?
34
Suppose -5*h - c - 2470 = 1025, 15 = 3*c. Let l = h + 796. Calculate the highest common factor of l and 12.
12
Suppose 5*q - 13 = -3. Let l(m) = 9*m + 1. Let p be l(q). Suppose 0*v + 38 = v. Calculate the highest common factor of v and p.
19
Suppose 2*w + 147 = 9*w. Let n be 1/(-1) - (-357)/w. Calculate the greatest common factor of 208 and n.
16
Let l(n) = -n**3 - 3*n**2 + n + 4. Let x be l(-4). Let c = -96675 + 96679. Calculate the greatest common divisor of x and c.
4
Let f be -54 + 1824 - (-1)/(4/40). Calculate the greatest common divisor of 20 and f.
20
Let a = -1957 + 3533. Suppose 9*g - 6*g - a = 2*b, 2124 = 4*g + 3*b. What is the highest common factor of g and 11?
11
Let g be ((-14)/(-10))/(144/(-30) + 5). Let m(h) = -2*h + 30. Let a be m(g). Calculate the greatest common divisor of a and 16.
16
Let n(i) = i**3 + 20*i**2 + 75*i + 850. Let z be n(-18). Calculate the greatest common factor of 35372 and z.
148
Let j = -836 + 872. Suppose -33*n = 3*c - j*n - 108, -2*c + 70 = -3*n. Suppose -3*y + 228 = -0*y. Calculate the highest common divisor of c and y.
38
Let h = -51 + 55. Suppose 2123 = 4*b + h*c + 411, 3*c = -4*b + 1716. What is the greatest common divisor of 54 and b?
54
Suppose -91*q = -149*q + 116812. What is the greatest common divisor of q and 318?
106
Suppose 0 = 282*s + 173*s - 638820. Calculate the highest common divisor of 3120 and s.
156
Suppose 5*g - 5*r = 30, -8*g + 4*r = -6*g - 20. Suppose 305 = 2*n - c, -2*n + 3*n + g*c = 140. What is the highest common divisor of n and 30?
30
Suppose -8*w - 200 = -1539 - 4117. Calculate the highest common divisor of 528 and w.
22
Suppose 567*p = 577*p - 181350. What is the highest common factor of 390 and p?
195
Suppose 0 = 3*a + 2*a - o + 51, -2*a = -4*o + 6